(-10))/(4/(-10)).
24
Calculate the remainder when 597 is divided by (-14)/(-2) + (5 + 14 - 7).
8
Let u = -14385 - -14870. What is the remainder when 1525 is divided by u?
70
Let j = 3506 - 4951. Calculate the remainder when 6/(-21) - j/35 is divided by 9.
5
Let q be (3/(9/(-3)) - 3) + -80. Let j = 46 - q. What is the remainder when j is divided by 22?
20
Suppose -2*m = -h + 90 + 97, 0 = 3*h + 3*m - 525. Suppose 3*j - 2*j + h = 2*v, 2*v + 3*j = 159. Calculate the remainder when v is divided by 46.
41
Let j(r) = r**3 - 13*r**2 + 66*r - 29. What is the remainder when j(20) is divided by 64?
59
Suppose 2*m - 4*t - 162 = -6*t, 3*t - 158 = -2*m. What is the remainder when 331 is divided by m?
76
Suppose 4*m - 21 = -109. Let t = m + 86. What is the remainder when t is divided by 37?
27
Suppose -287 = -o + 4*h, -12*o = -11*o + 4*h - 279. Let z = 288 - o. What is the remainder when 13 is divided by z?
3
Suppose -10*s + 1273 = -117. Suppose 3*x = -5*o + s, x = -o - o + 55. What is the remainder when 129 is divided by o?
25
Let r(s) = -41*s - 116. Calculate the remainder when r(-4) is divided by 22.
4
Suppose 137*g = 49242 - 17321. Calculate the remainder when g is divided by 130.
103
Suppose 5*k - 2*c - 373 = -277, -57 = -4*k - 5*c. Calculate the remainder when 138 is divided by k.
12
Let c = -69 + 101. Suppose 4*a - 38 = 4*n + 130, n - c = -a. Suppose -41*g + a*g + 44 = 0. Calculate the remainder when 51 is divided by g.
7
Let q = -562 + 653. Suppose -q + 315 = 8*s. Calculate the remainder when 31 is divided by s.
3
Let u = -97 - -6. Let j = u + 106. What is the remainder when j is divided by (7 + -6)/((-1)/(-6))?
3
Let t = 432 + -432. Let j = 13 + -7. Suppose -j*y + y + 35 = t. What is the remainder when 32 is divided by y?
4
Let g = -7251 + 7386. Calculate the remainder when g is divided by 134.
1
Let q be (-39)/26*(0 - 2). Suppose 7*l + 4*v = 3*l + 48, -l = -q*v. Suppose -4*d - l + 21 = 0. Calculate the remainder when 13 is divided by d.
1
Let h(a) = -a**2 - 10*a - 18. Let u be h(-4). Suppose 41 = -u*k + 179. Calculate the remainder when 37 is divided by k.
14
Let j(n) = -2*n**3 - 9*n**2 + n - 15. Let s be j(-5). Suppose 0*f + s*f - 113 = -4*u, 4*u + 13 = f. Calculate the remainder when 55 is divided by f.
13
Let s(t) = -t**3 - 26*t**2 - t - 18. Let p be s(-26). Suppose 0 = -p*o + 377 + 15. Calculate the remainder when o is divided by 14.
7
Let h(o) = -o**2 - 42*o - 225. Suppose -70 = 3*j + 2*u + 5, u = -2*j - 49. Calculate the remainder when h(j) is divided by 27.
23
Let j = 510 + -472. Suppose -j*x + 2903 = -555. What is the remainder when x is divided by 24?
19
Let n(x) = 2*x**2 + 143*x + 117. What is the remainder when 429 is divided by n(-72)?
51
Suppose -90 + 358 = 4*i. Calculate the remainder when i is divided by (14 - (-406)/(-28))/(((-18)/68)/9).
16
Let n = -43 + 42. Let z(s) = 5*s**2 + s + 1. Let q be z(n). Suppose 0*c + 272 = 4*c + 5*k, q*c = 2*k + 340. Calculate the remainder when c is divided by 24.
20
Let l = -12357 + 12384. Calculate the remainder when 7909 is divided by l.
25
Let u(r) = 9*r - 68. Let y be u(12). Suppose 5*d = 4*w - y + 10, 4*w - 4*d - 28 = 0. What is the remainder when 23 is divided by w?
3
Calculate the remainder when -63*(11/((-110)/(-70)) - 8) is divided by 50.
13
Suppose -h - 2*h = -147. Let f = 3684 + -3678. Calculate the remainder when h is divided by f.
1
Let v(t) = t**2 + 7*t + 6. Let d be v(-6). Let y = 0 + d. Suppose 0 = -5*c + h + 8, 3*c - 3*h = -y*c. Calculate the remainder when 7 is divided by c.
1
Let n(h) = h**3 - 12*h**2 + 13*h + 2. Let z be (-4)/(-5)*(-5)/(-1). Suppose -j - 3*s + 4 = -55, 16 = -z*s. Calculate the remainder when j is divided by n(11).
23
Let t = 25681 + -25478. What is the remainder when 7712 is divided by t?
201
Let i(f) = -f**3 - 5*f**2 + 4. Let r be i(-5). Suppose 0 = 2*w + 6, -6*q + r*q + 41 = -w. Calculate the remainder when 30 is divided by q.
11
Calculate the remainder when 352 is divided by -1 + 3 - (-1)/(996/(-333) - -3).
13
Let c(d) = d**3 - 58*d**2 + 700*d + 14. What is the remainder when c(16) is divided by 67?
60
Suppose -430*d - 274*d + 9257600 = 0. What is the remainder when d is divided by 96?
94
Suppose 58 = 2*y + 5*w - 101, -4*y = 4*w - 336. What is the remainder when 445 is divided by y?
10
Suppose 0 = 4*t + 5*q - 27368, 2*q - 6845 = 45*t - 46*t. What is the remainder when t is divided by 15?
12
Let t = 94 - 24. Let x(o) = 31*o + 729. What is the remainder when t is divided by x(-23)?
6
Let s = 9566 - 9433. Suppose -3*y + 18 = 2*u, -4*y = 2*u - u + 1. What is the remainder when s is divided by u?
13
Let o(j) = 47*j - 1446. What is the remainder when o(33) is divided by 92?
13
Let n = -28 + 39. Let v = -71 + 24. Let m = -39 - v. What is the remainder when n is divided by m?
3
Calculate the remainder when 292 is divided by ((-34)/(-12))/((-67)/(-1206)).
37
Let v(r) = -r**2 + 27*r + 115. What is the remainder when 46 is divided by v(30)?
21
Let f = 776 + -805. Let i(q) = 4*q + 139. Calculate the remainder when 114 is divided by i(f).
22
Suppose 3*p - 473 = 4*c + 569, 2*c - 344 = -p. What is the remainder when p is divided by 82?
18
Let b(w) = w - 2. Let d(z) = 3*z - 1. Let c(s) = -b(s) - d(s). What is the remainder when 6 is divided by c(0)?
0
Suppose -u + 4 = -3. Suppose -2*y + u*y = 4*m + 113, -m = y - 28. Suppose -y*x = -26*x + 107. What is the remainder when x is divided by 37?
33
Calculate the remainder when (-3 + -7)/(-5)*(-1498)/(-28) is divided by 45.
17
Suppose 1260 = -8*s - 4*s. Let a = s - -120. Calculate the remainder when 41 is divided by a.
11
Suppose 0 = 5*j + y - 41, 2*y = -44*j + 47*j - 9. What is the remainder when 3002 is divided by j?
6
Let f = -13 - -24. Suppose -z - 2*i + 13 = -f, -3 = 3*i. Calculate the remainder when 2/(z/(-28) - -1) is divided by 5.
3
Suppose -13 + 52 = 3*l. Suppose 37*h = 20*h + 6749. Let n = -365 + h. What is the remainder when n is divided by l?
6
Suppose 28 = d - 4*j, -2*d - 3*j + 3 - 2 = 0. Let y(u) = -14*u + 133. What is the remainder when 104 is divided by y(d)?
20
Suppose -43 = -11*j - 252. Suppose 0 = -2*q + 7*q - 145. Let h = j + q. Calculate the remainder when h is divided by 6.
4
Suppose 9*u = r + 4*u - 20, r - 20 = 4*u. Suppose -21*z = -17*z - 108. Let i = z + -16. What is the remainder when r is divided by i?
9
Suppose -5*k + 55 = -2*m - 95, 2*m = 4*k - 120. Calculate the remainder when k is divided by 33/22*(6 - (-280)/(-46) - 1852/(-138)).
10
Let l = -357 - -477. Calculate the remainder when 322 is divided by l.
82
Let s be (26 + -2)*(-210)/(-40). Let g = s - 94. Let n = 59 - 51. Calculate the remainder when g is divided by n.
0
Suppose 5*o - 5*i = 2205, 461 = 12*o - 11*o + 4*i. What is the remainder when o is divided by 99?
49
Suppose -6*a - 2702 = -w - 4*a, -3*w = -10*a - 8074. What is the remainder when w is divided by 51?
15
Let h(k) = -k**3 - 2*k**2 + 4*k + 2. Let o be h(-3). Let f = o + 9. Let s(c) = -30*c**3 - 3*c**2 + 2. What is the remainder when s(-1) is divided by f?
5
Suppose 35 = 8*p - p. Suppose 0*j = 5*j - 25, 0 = 3*t + p*j - 100. Suppose o - 3*o + 94 = 0. What is the remainder when o is divided by t?
22
Let s = 53 + -38. Let t = 22 - s. Calculate the remainder when (-90)/33 + 3 + 3346/154 + -11 is divided by t.
4
Suppose -b + 462 = b. Let x(h) = -3*h**2 - 699*h + 737. What is the remainder when b is divided by x(-234)?
21
Suppose 0 = 60*r - 43*r - 799. Suppose -2*b - 10 = 0, 4 = -4*v - b + 95. What is the remainder when r is divided by v?
23
Suppose 0 = 31*b + 29171 - 176452. What is the remainder when b is divided by 88?
87
Let k = 102 - 142. Let h = -35 - k. Suppose -6*w = -h*w - 17. What is the remainder when 100 is divided by w?
15
Suppose 3*s + 3*x - 6 = 0, 4*s - 2*x = -5*x + 8. Suppose 3*h = o - 14, 4*o + 3*h = s*h + 121. What is the remainder when 140 is divided by o?
24
Suppose -10*y = 9436 - 73076. Calculate the remainder when y is divided by 16.
12
Suppose 0 = -5*o - 5*b + 70, 3*b + 26 = o - 0*b. Let s = -115 - -107. Let a = 74 - s. What is the remainder when a is divided by o?
14
Calculate the remainder when (-1)/1*1 + -1116 + 1171 is divided by 37.
17
Let d = 70 + -62. Let n = -5 + d. What is the remainder when (-3)/n*(10 + -4)*-6 is divided by 19?
17
Let g = -4074 - -4488. What 